{"id":48,"date":"2026-05-11T08:20:34","date_gmt":"2026-05-11T08:20:34","guid":{"rendered":"https:\/\/ortopediairegua.devi4life.es\/?page_id=48"},"modified":"2026-05-11T08:20:35","modified_gmt":"2026-05-11T08:20:35","slug":"accesibilidad","status":"publish","type":"page","link":"https:\/\/ortopediairegua.devi4life.es\/index.php\/accesibilidad\/","title":{"rendered":"Accesibilidad"},"content":{"rendered":"\n<p><strong>Declaraci\u00f3n de accesibilidad de www.ortopediairegua.com<\/strong><\/p>\n\n\n\n<p>Ortopedia Iregua se compromete a garantizar la accesibilidad digital para todas las personas. Mejoramos continuamente la experiencia de usuario y aplicamos las normas de accesibilidad pertinentes.<\/p>\n\n\n\n<p><strong>Estado de conformidad<\/strong><\/p>\n\n\n\n<p>Las Pautas de Accesibilidad al Contenido en la Web (WCAG) definen los requisitos que deben cumplir los dise\u00f1adores y desarrolladores para mejorar la accesibilidad de las personas con discapacidades. Define tres niveles de conformidad: Nivel A, Nivel AA y Nivel AAA.<\/p>\n\n\n\n<p>Ortopedia Iregua se esfuerza constantemente por mejorar la accesibilidad de su sitio web y de sus servicios, convencida de que es nuestra obligaci\u00f3n moral colectiva permitir un uso fluido, accesible y sin trabas para las personas con necesidades especiales.<\/p>\n\n\n\n<p>Nuestro objetivo es que todas las p\u00e1ginas y contenidos de www.ortopediairegua.com sean accesibles, pero es posible que algunos contenidos a\u00fan no cumplan plenamente las normas de accesibilidad m\u00e1s estrictas. Esto podr\u00eda deberse a dificultades a la hora de identificar la soluci\u00f3n tecnol\u00f3gica m\u00e1s adecuada.<\/p>\n\n\n\n<p>Podemos revisar esta Declaraci\u00f3n peri\u00f3dicamente para reflejar mejoras o cambios en nuestras pr\u00e1cticas de accesibilidad.<\/p>\n\n\n\n<p>Hemos instalado una herramienta para ayudar a mejorar la accesibilidad que podr\u00e1s encontrar en la parte derecha del navegador.<\/p>\n\n\n\n<p><strong>Sugerencias<\/strong><\/p>\n\n\n\n<p>Agradecemos sus comentarios sobre la accesibilidad del sitio web de Ortopedia Iregua. Por favor, h\u00e1ganos saber si encuentra barreras de accesibilidad en nuestro sitio web:<\/p>\n\n\n\n<p>Correo electr\u00f3nico: <a href=\"mailto:info@ortopediairegua.com\">info@ortopediairegua.com<\/a><\/p>\n\n\n\n<p>Intentamos responder a sus comentarios lo antes posible.<\/p>\n\n\n\n<p>Esta declaraci\u00f3n fue creada el 11\/5\/2026<\/p>\n","protected":false},"excerpt":{"rendered":"<p>Declaraci\u00f3n de accesibilidad de www.ortopediairegua.com Ortopedia Iregua se compromete a garantizar la accesibilidad digital para todas las personas. Mejoramos continuamente [&hellip;]<\/p>\n","protected":false},"author":1,"featured_media":0,"parent":0,"menu_order":0,"comment_status":"closed","ping_status":"closed","template":"","meta":{"site-sidebar-layout":"default","site-content-layout":"","ast-site-content-layout":"default","site-content-style":"default","site-sidebar-style":"default","ast-global-header-display":"","ast-banner-title-visibility":"","ast-main-header-display":"","ast-hfb-above-header-display":"","ast-hfb-below-header-display":"","ast-hfb-mobile-header-display":"","site-post-title":"","ast-breadcrumbs-content":"","ast-featured-img":"","footer-sml-layout":"","ast-disable-related-posts":"","theme-transparent-header-meta":"","adv-header-id-meta":"","stick-header-meta":"","header-above-stick-meta":"","header-main-stick-meta":"","header-below-stick-meta":"","astra-migrate-meta-layouts":"default","ast-page-background-enabled":"default","ast-page-background-meta":{"desktop":{"background-color":"var(--ast-global-color-5)","background-image":"","background-repeat":"repeat","background-position":"center center","background-size":"auto","background-attachment":"scroll","background-type":"","background-media":"","overlay-type":"","overlay-color":"","overlay-opacity":"","overlay-gradient":""},"tablet":{"background-color":"","background-image":"","background-repeat":"repeat","background-position":"center center","background-size":"auto","background-attachment":"scroll","background-type":"","background-media":"","overlay-type":"","overlay-color":"","overlay-opacity":"","overlay-gradient":""},"mobile":{"background-color":"","background-image":"","background-repeat":"repeat","background-position":"center center","background-size":"auto","background-attachment":"scroll","background-type":"","background-media":"","overlay-type":"","overlay-color":"","overlay-opacity":"","overlay-gradient":""}},"ast-content-background-meta":{"desktop":{"background-color":"var(--ast-global-color-4)","background-image":"","background-repeat":"repeat","background-position":"center center","background-size":"auto","background-attachment":"scroll","background-type":"","background-media":"","overlay-type":"","overlay-color":"","overlay-opacity":"","overlay-gradient":""},"tablet":{"background-color":"var(--ast-global-color-4)","background-image":"","background-repeat":"repeat","background-position":"center center","background-size":"auto","background-attachment":"scroll","background-type":"","background-media":"","overlay-type":"","overlay-color":"","overlay-opacity":"","overlay-gradient":""},"mobile":{"background-color":"var(--ast-global-color-4)","background-image":"","background-repeat":"repeat","background-position":"center center","background-size":"auto","background-attachment":"scroll","background-type":"","background-media":"","overlay-type":"","overlay-color":"","overlay-opacity":"","overlay-gradient":""}},"footnotes":""},"class_list":["post-48","page","type-page","status-publish","hentry"],"_links":{"self":[{"href":"https:\/\/ortopediairegua.devi4life.es\/index.php\/wp-json\/wp\/v2\/pages\/48","targetHints":{"allow":["GET"]}}],"collection":[{"href":"https:\/\/ortopediairegua.devi4life.es\/index.php\/wp-json\/wp\/v2\/pages"}],"about":[{"href":"https:\/\/ortopediairegua.devi4life.es\/index.php\/wp-json\/wp\/v2\/types\/page"}],"author":[{"embeddable":true,"href":"https:\/\/ortopediairegua.devi4life.es\/index.php\/wp-json\/wp\/v2\/users\/1"}],"replies":[{"embeddable":true,"href":"https:\/\/ortopediairegua.devi4life.es\/index.php\/wp-json\/wp\/v2\/comments?post=48"}],"version-history":[{"count":1,"href":"https:\/\/ortopediairegua.devi4life.es\/index.php\/wp-json\/wp\/v2\/pages\/48\/revisions"}],"predecessor-version":[{"id":49,"href":"https:\/\/ortopediairegua.devi4life.es\/index.php\/wp-json\/wp\/v2\/pages\/48\/revisions\/49"}],"wp:attachment":[{"href":"https:\/\/ortopediairegua.devi4life.es\/index.php\/wp-json\/wp\/v2\/media?parent=48"}],"curies":[{"name":"wp","href":"https:\/\/api.w.org\/{rel}","templated":true}]}}